{"id":165,"date":"2013-04-16T22:52:54","date_gmt":"2013-04-16T22:52:54","guid":{"rendered":"http:\/\/chanellesheavenlytreasures.com\/chtwp\/?page_id=165"},"modified":"2014-01-08T22:02:14","modified_gmt":"2014-01-08T22:02:14","slug":"one-heavenly-bite-spoon-desserts-new","status":"publish","type":"page","link":"https:\/\/chanellesheavenlytreasures.com\/chtwp\/ourheavenlydesserts\/one-heavenly-bite-spoon-desserts-new\/","title":{"rendered":"***NEW*** &#8211; &#8220;One Heavenly Bite&#8221; Spoon Desserts"},"content":{"rendered":"<p>Have you ever tasted a dessert and with the first bite fell in love with the flavor, texture, aroma? Well this spoon dessert will stimulate all your five sense with just &#8220;One Heavenly Bite&#8221; \ud83d\ude42<\/p>\n<p style=\"text-align: center;\">PICTURES COMING SOON!<\/p>\n<p align=\"center\">***One bite portions of dessert presented in decorative spoons (perfect for weddings or dessert bars)***<b><\/b><\/p>\n<p align=\"center\"><b>Red Velvet Explosion<\/b><\/p>\n<p align=\"center\">Red velvet cake and cheesecake topped with cream cheese frosting a red velvet cake crumbs<\/p>\n<p align=\"center\"><b>Peanut Butter Pick Me Up<\/b><\/p>\n<p align=\"center\">Peanut butter cake and chocolate espresso mousse topped with Chantilly cream and chocolate drizzle<\/p>\n<p align=\"center\"><b>Cr\u00e8me Br\u00fbl\u00e9e <\/b><\/p>\n<p align=\"center\">Your choice of vanilla bean, lavender, chocolate, or cinnamon custard topped with a thin layer of burnt sugar<\/p>\n<p align=\"center\"><b>Mousse <\/b><\/p>\n<p align=\"center\">Your choice of double chocolate, chocolate, or white chocolate mousse topped with fresh seasonal berries<\/p>\n<p align=\"center\"><b>Mixed Fruit<\/b><\/p>\n<p align=\"center\">Seasonal fruit mixed<\/p>\n<p style=\"text-align: center;\"><b>***For \u00a0a complete listing of our heavenly dessert menu please email us at info@chanellesheavenlytreasures.com***\u00a0<\/b><\/p>\n","protected":false},"excerpt":{"rendered":"<p>Have you ever tasted a dessert and with the first bite fell in love with the flavor, texture, aroma? Well this spoon dessert will stimulate all your five sense with just &#8220;One Heavenly Bite&#8221; \ud83d\ude42 PICTURES COMING SOON! ***One bite portions of dessert presented in decorative spoons (perfect for weddings or dessert bars)*** Red Velvet [&hellip;]<\/p>\n","protected":false},"author":1,"featured_media":0,"parent":4,"menu_order":0,"comment_status":"closed","ping_status":"closed","template":"","meta":{"jetpack_post_was_ever_published":false,"footnotes":""},"class_list":["post-165","page","type-page","status-publish","hentry"],"jetpack_shortlink":"https:\/\/wp.me\/P3rDYf-2F","jetpack_sharing_enabled":true,"jetpack_likes_enabled":true,"_links":{"self":[{"href":"https:\/\/chanellesheavenlytreasures.com\/chtwp\/wp-json\/wp\/v2\/pages\/165","targetHints":{"allow":["GET"]}}],"collection":[{"href":"https:\/\/chanellesheavenlytreasures.com\/chtwp\/wp-json\/wp\/v2\/pages"}],"about":[{"href":"https:\/\/chanellesheavenlytreasures.com\/chtwp\/wp-json\/wp\/v2\/types\/page"}],"author":[{"embeddable":true,"href":"https:\/\/chanellesheavenlytreasures.com\/chtwp\/wp-json\/wp\/v2\/users\/1"}],"replies":[{"embeddable":true,"href":"https:\/\/chanellesheavenlytreasures.com\/chtwp\/wp-json\/wp\/v2\/comments?post=165"}],"version-history":[{"count":7,"href":"https:\/\/chanellesheavenlytreasures.com\/chtwp\/wp-json\/wp\/v2\/pages\/165\/revisions"}],"predecessor-version":[{"id":619,"href":"https:\/\/chanellesheavenlytreasures.com\/chtwp\/wp-json\/wp\/v2\/pages\/165\/revisions\/619"}],"up":[{"embeddable":true,"href":"https:\/\/chanellesheavenlytreasures.com\/chtwp\/wp-json\/wp\/v2\/pages\/4"}],"wp:attachment":[{"href":"https:\/\/chanellesheavenlytreasures.com\/chtwp\/wp-json\/wp\/v2\/media?parent=165"}],"curies":[{"name":"wp","href":"https:\/\/api.w.org\/{rel}","templated":true}]}}